is divided by q?
20
Let d = 14 - 72. Let m = -61 - d. Calculate the remainder when 47 is divided by 12 + -6 - (2 + m)*1.
5
Let k(o) = -o**3 - o**2 + 3*o - 9. Let n be -1 + (-2)/(-8)*4. Let u be k(n). Let a(m) = -m - 1. What is the remainder when 8 is divided by a(u)?
0
What is the remainder when 228 is divided by 248/(-7)*5999/(-1714)?
104
Let q(t) = 2*t - 13. Let p be ((-5)/(-2) - (5 + -3))*0. Suppose p = -3*l + 16 + 14. What is the remainder when 46 is divided by q(l)?
4
Let f(a) = -458*a + 45. What is the remainder when f(-1) is divided by 17?
10
Let u(f) = 6*f**2 + f. Let a(q) = -969*q - 9541. Calculate the remainder when a(-10) is divided by u(2).
19
Suppose 16 = -u + 2*u. Let y = -86 - -77. Let h(n) = 2*n + 41. Calculate the remainder when h(y) is divided by u.
7
Let o(n) = 10*n**3 + 3*n**2 - n + 4. Let u(s) = 20*s**3 + 7*s**2 - 2*s + 9. Let a(d) = 7*o(d) - 3*u(d). Calculate the remainder when 88 is divided by a(1).
8
Let q = 5815 + -5521. What is the remainder when q is divided by 74?
72
Let g(h) = 68*h - 23. Calculate the remainder when 410 is divided by g(1).
5
Let t(p) = 348 - 125 - 117 + 2*p - 7*p**2 - p**3 - 127. Suppose -o = 5, -4*x - o = o - 406. What is the remainder when x is divided by t(-8)?
23
Let v = 28 - 15. Let c = 433 - 428. What is the remainder when v is divided by c?
3
Let n = 45 + -27. Let c = 317 + -326. Let m(k) = 3*k**3 + 28*k**2 + 4*k + 21. Calculate the remainder when m(c) is divided by n.
12
Suppose -127*n - 32*n + 795 = 0. What is the remainder when 1347 is divided by n?
2
Suppose 2644 = 110*p - 5056. What is the remainder when 697 is divided by p?
67
Let r(i) = i**3 - 17*i**2 + 16*i + 23. Let z = -119 + 135. Let y(s) = 2*s**2 + 13*s - 10. What is the remainder when y(-11) is divided by r(z)?
20
Let k(m) = -m**3 + 18*m**2 - 35*m + 62. Calculate the remainder when k(7) is divided by ((-1)/1)/((-4)/68).
16
Suppose 428 = -3*x - 2*z, x + 3*z = 2*z - 142. Let s = x - -189. Calculate the remainder when s is divided by 27.
18
Suppose -1 + 40 = 3*s. Let l be ((-8)/(-6))/(10/(-5535)). Let a = -730 - l. What is the remainder when s is divided by a?
5
Let o = 549 + -348. Let i = 3971 + -3668. Let y = i - o. What is the remainder when y is divided by 15?
12
Let h(k) = -k + 62. Let q(z) = -z**3 - 9*z**2 - 89*z - 616. What is the remainder when h(0) is divided by q(-8)?
30
Let g = 23 - 12. Let h = 497 + -443. Suppose 3*r = -0 + h. What is the remainder when r is divided by g?
7
Suppose 3*i = -3*w - 3, 0 = -4*i - w - w - 8. Let b be 0 - (-2 + 3)*i. Suppose 5*s = -2*h + 63, -1 - 2 = b*s. Calculate the remainder when h is divided by 13.
8
Suppose 5*s + 0*s = 4*v - 9064, 0 = -2*s + 5*v - 3612. Calculate the remainder when 73 is divided by s/(-76) - 18/(-171).
1
Suppose 0 = 3*o - 0*w - 3*w - 3, -2*o + 8 = 4*w. Suppose 4*g - 2*s = 592, g + 3*g = -o*s + 584. What is the remainder when g is divided by 6?
3
Let t = 3324 + -3313. Calculate the remainder when 17445 is divided by t.
10
Let l be ((-220)/35 - -6) + (-51)/(-7). Let z = l - -19. Let h = 102 + -28. Calculate the remainder when h is divided by z.
22
Suppose p + 270 = 3*p. Suppose 4*m + 5*a = 153, -8 = -3*a - 5. Calculate the remainder when p is divided by m.
24
Suppose 0 = 3*h + 29*v - 31*v - 32, -5*v = 5*h - 70. Let w = 96 - -13. Calculate the remainder when w is divided by h.
1
Let k(r) = r**3 - 8*r**2 - 7*r + 3. Let l be k(9). Let j = -31 + l. What is the remainder when ((-54)/20 - j/50)*-6 is divided by 10?
5
Let s = -3640 - -3657. What is the remainder when 1935 is divided by s?
14
Let h be (-5)/(-2) + 2/(-4). Suppose 4*x + z = -3*z + 28, -11 = -h*x - 5*z. What is the remainder when 15 is divided by x?
7
Let b be 170/8 - (-4)/(-16). Suppose 24*l - 420 = b*l. Suppose -l = 6*m - 8*m. Calculate the remainder when m is divided by 18.
16
Suppose 2628 - 1619 = 23*d - 2694. What is the remainder when d is divided by 33?
29
Let r(o) = -o**3 + o**2 + 4*o + 1. What is the remainder when r(-4) is divided by (-62)/8 + 38 + 9/(-4)?
9
Calculate the remainder when (57 - 1)*-15*7/(-60) is divided by 24.
2
Suppose 0*c + 30*c = -c + 1705. What is the remainder when c is divided by 14?
13
Let p(q) = -11*q + 94. Let s be p(6). Let j = 59 + s. Calculate the remainder when 342 is divided by j.
81
Let x be 110/3*15/10. Let u = -54 + x. What is the remainder when u - -2 - (-10 + -29) is divided by 22?
20
Suppose -4*m - 7*i = -3*i + 164, 0 = -3*m + i - 123. Let b = -34 - m. Suppose b*n = 2*n + 240. Calculate the remainder when n is divided by 13.
9
Suppose -4*i = -0*i - 99 - 209. Calculate the remainder when i is divided by 54.
23
Suppose -6*d + 2226 = 8*d. Let y = 411 + -379. What is the remainder when d is divided by y?
31
Let j = 864 + -834. Calculate the remainder when 65 is divided by j.
5
Let j(z) = z**2 + 3*z + 10. Let p = 0 + -9. What is the remainder when 2*p*4/(-2) is divided by j(-3)?
6
Let i(x) = 5*x + 17. Let p(l) = 4*l + 12. Let v(s) = -5*i(s) + 7*p(s). What is the remainder when 135 is divided by v(7)?
15
Let n = 10 - -7. What is the remainder when n is divided by ((-45)/(-30))/(9/(-30)) - -9?
1
Suppose 5*w - 102 = -4*m, -674*w + 678*w = -m + 20. What is the remainder when 118 is divided by m?
6
Suppose -3*w = -5*z - 99, 24 = -z + 5*w - 9. Suppose -83*b - 416 = -96*b. Let s = b + z. Calculate the remainder when 53 is divided by s.
11
What is the remainder when 19/(-76) - ((-28959)/12 - (10 + -6)) is divided by 10?
7
Let w = 24 - 16. Suppose 93*g - 171*g - 133*g + 2321 = 0. What is the remainder when 330/w - (-2)/(-8) is divided by g?
8
Let x = -7 - -25. Let d be ((-2)/(-6))/(3/x). Suppose -k + d*i = -9, -k - 12 + 3 = 4*i. What is the remainder when 3 is divided by k?
0
Suppose -13*x = -11*x - 20. Let u(l) = -10*l - 3. Calculate the remainder when u(-5) is divided by (x/(-3))/((-25)/90).
11
Suppose 38*i - 1520 = 28*i. Calculate the remainder when i is divided by 4.
0
Let k(c) = -6*c**2 - 106*c + 26. Let t be k(-17). Let j = -20 + t. Calculate the remainder when j is divided by 25.
24
Let v(t) = t + 10 - t + 2*t + 2*t. Let m be v(-7). What is the remainder when 39 is divided by 14/(-2)*3/(m/12)?
11
Let o(d) = d**2 + 3*d + 7. Let q be o(-6). Let w = -238 + 239. What is the remainder when 9 is divided by q + -17 - (1 + w)?
3
Suppose 38*u = 56*u + 24876. What is the remainder when 105 is divided by 30/(-195) + u/(-26)?
52
Let l = -32 + -65. Let g = l + 119. Let i = -63 + 127. Calculate the remainder when i is divided by g.
20
Let t(j) = j**3 + 11*j**2 - 15*j - 12. Let b be t(-12). Suppose -4*v + b = -8. Let s(p) = 6*p + 16. Calculate the remainder when s(v) is divided by 11.
9
Let g(x) = -x**3 - 14*x**2 + 15*x + 1. Let i be g(-15). Let l be (12/(-9) - -4)/(i/(-45)). What is the remainder when l*(-2)/10*2 is divided by 10?
8
Let c(q) = 19*q**2 + 38*q - 74. What is the remainder when 1243 is divided by c(2)?
73
Let j be 1578 + -2 + 15/(-2 - -5). What is the remainder when j/9 + (-6)/(-18) is divided by 10?
6
Let s(j) = 7*j**2 + 10*j + 9. Let n be s(7). Let d = n + -293. What is the remainder when d is divided by 66?
63
Let j = 83 - -46. Suppose 47*l + 4*y = 44*l + 74, -5*l = 5*y - 120. What is the remainder when j is divided by l?
19
Let i(v) = -v + 8. Let z be i(-17). Suppose -2*r = -5*r - 2*o + z, r - 3*o + 10 = 0. Calculate the remainder when (-3)/(-4)*(-24)/(-2) is divided by r.
4
Let j = -390 + 587. Suppose r + 5*n = 232, -r + 3*n + j = n. Calculate the remainder when r is divided by 35.
32
Let t be 1*(53/1 + -4). Suppose -3*c - 7 + 0 = -u, -c + t = 2*u. What is the remainder when u is divided by 3/(-2)*(1 + -5)?
4
Suppose 30*q + 1057 = 37*q. Calculate the remainder when (-50)/(-200) + q/4 is divided by 31.
7
Suppose 188404 = 90*g + 44*g. Calculate the remainder when g is divided by 11.
9
Let m(j) = j**3 - j**2 - j + 14. Let l = -26341 + 26447. Calculate the remainder when l is divided by m(0).
8
Let s(b) = 11*b + 1053. What is the remainder when s(-71) is divided by 63?
20
Suppose 9*z = -946 + 172. Let r = z + 94. Calculate the remainder when 199 is divided by r.
7
Let m = -450 + 863. Let q = -400 + m. What is the remainder when 25 is divided by q?
12
Let s be (-14)/(-10) - 2/5. Suppose -2*t + 7 = z, -5*t + 82*z = 78*z + 15. What is the remainder when 1 + (2 - 3) + s is divid